5
Suppose -i + 110 = -74. Suppose 56 = -5*w - i. List the prime factors of 20/6*w/(-20).
2
Suppose -5*x + 63 = q, -3*q = x - 3*x - 206. Suppose d = 5*d - q. What are the prime factors of d?
17
Suppose 4*u - 4*a = 140, -18 = -2*u - 5*a + 52. What are the prime factors of u?
5, 7
Let l(b) = -b**2 - 8*b + 4. Suppose -2*k - 28 = 3*v - 11, 5*k = 5*v + 20. List the prime factors of l(v).
19
Let t(q) = q + 1. Let z be t(5). Suppose m - z = 15. What are the prime factors of m?
3, 7
Let j be ((-3)/8)/(1/(-8)). Suppose 3*g - 5*v - 14 = 0, -4*g - j*v = v - 40. What are the prime factors of g?
2
Suppose -p - 4*p + 25 = 0. Suppose 1 + 74 = p*h. What are the prime factors of h?
3, 5
Suppose 0 = k + 2*k - 153. List the prime factors of k.
3, 17
Suppose 8 = -4*w - 0. Let g = 0 - w. What are the prime factors of g?
2
Let j(d) = -65*d**2 - 25*d + 25. Let l(z) = -8*z**2 - 3*z + 3. Let s(o) = 6*j(o) - 50*l(o). Let q = -1 + 2. What are the prime factors of s(q)?
2, 5
Let o(x) = -x. Let c be o(-2). Suppose -c*u - 4*a + 18 = 0, -2*u + 7*u = 4*a + 17. Let z(r) = r + 2. List the prime factors of z(u).
7
Let q = -27 - -31. What are the prime factors of 0/(-3) + 8 + q?
2, 3
Suppose -5*c - 14 = -5*p + 71, p = -4*c + 12. Let f = p - 10. List the prime factors of f.
2, 3
Suppose 2*f - 27 = 33. What are the prime factors of f?
2, 3, 5
Let n(h) = 10*h - 5. Let o be n(3). Suppose -4*w + o = 1. List the prime factors of w.
2, 3
Suppose -7*s + 403 = -122. What are the prime factors of s?
3, 5
Suppose -88 = -2*z + 46. List the prime factors of z.
67
Let c(g) be the second derivative of -g**4/12 - 7*g**3/6 - 7*g**2/2 + g. Let q(s) = s - 11. Let k be q(6). What are the prime factors of c(k)?
3
List the prime factors of 1 - -8 - (-1 + 5).
5
Suppose 4*u - 77 - 15 = -2*o, -4*o + 4*u + 136 = 0. Suppose 20 = 2*z - o. List the prime factors of z.
29
What are the prime factors of 22*11/((-11)/(-2))?
2, 11
Suppose -23 = -q + 3*g, 2*q + 1 = -2*g + 15. Let z = q + 6. List the prime factors of z.
17
Suppose 187 - 615 = -4*r. What are the prime factors of r?
107
Let v(k) = k**3 - 7*k**2 - 5*k - 4. Let b be v(8). Suppose n + b = -z - 4*n, 16 = z - 4*n. Suppose -5*i + z*i = -40. What are the prime factors of i?
2
Let a be (2 - 0) + 0 - 3. Let v = a + 0. What are the prime factors of v*(-1*6 - 2)?
2
Suppose 3*t - 19 = -4*z, -z = 2*z - 3. Suppose -5*c - 9 = 2*h + h, 3 = -t*c - h. Suppose c = y - 3*d - 5, 35 = 3*y + d. List the prime factors of y.
11
Suppose -3*a = 2*u - 0*a - 61, -3*u - a = -102. Suppose -u = t - 6*t. Suppose -t*b = -5*b - 22. List the prime factors of b.
11
What are the prime factors of (-15)/(-3)*(3 - 2)?
5
Let t(s) = -5*s**3 - 4*s**2 + 2*s - 3. Let p be t(3). Let f be 13/11 - (10/55 + 0). What are the prime factors of f/2*p/(-7)?
2, 3
Let t be (2 - 1 - -1) + 4. Let l be 3 + -5 - (t - -1). List the prime factors of 1 + 6/l*-3.
3
Let h(q) = q**2 + q + 2. Let k(r) = -r**3 - 7*r**2 - 8*r - 8. Let y be k(-6). List the prime factors of h(y).
2, 11
Let r be (-6)/3 + (8 - 0). Suppose 3*t + r = -0*t. What are the prime factors of ((-1)/t)/((-4)/(-96))?
2, 3
Let z = 10 + -7. Suppose -z*h = -5*h - 16. Let a = -1 - h. What are the prime factors of a?
7
Suppose -3 = 5*t - 4*x, -2*t - 4 = x - 4*x. Suppose -t + 0 = -c. What are the prime factors of 6*c*(3 - 1)?
2, 3
Let q(l) = -l**2 - 21*l - 5. List the prime factors of q(-15).
5, 17
Suppose 4*q = -5*d - 6, -5*d = -q - 0 - 14. Suppose -d*u + 6*u - 72 = 0. List the prime factors of u.
2, 3
List the prime factors of (2 - 6)*13/(-4).
13
Let y = 2 - 3. What are the prime factors of ((-4)/(-8))/(y/(-10))?
5
Suppose -4*q = 4*h - 680, 0*h + 200 = h - 5*q. List the prime factors of h.
5, 7
Suppose -4*i + 2*n + 384 = 0, -2*n + n - 2 = 0. List the prime factors of i.
5, 19
Suppose -2*d - s = -6 - 6, -2*d - 3*s + 16 = 0. Suppose 5*a - x = 57, -6 = 3*x - 0*x. Suppose -d*g = -79 - a. List the prime factors of g.
2, 3
Suppose 0 = -4*k + b + 11, 0*k - k = -3*b. What are the prime factors of k?
3
Let s(a) = a + 8. Let l(d) be the first derivative of -d**2/2 - 7*d + 2. Let m(p) = 5*l(p) + 6*s(p). List the prime factors of m(0).
13
Let j be 1*(-5)/((-15)/21). Let i = j - 4. List the prime factors of i.
3
Suppose 3*m - 8 = m. What are the prime factors of m?
2
Suppose -3*t = o - 41, 2*t - 79 = 4*o - 215. Suppose 4*w + 6 + 7 = -y, 2*w = -3*y - 19. What are the prime factors of 375/o + w/(-7)?
11
Let v(l) = l**3 - 7*l**2 + 3*l + 8. Let x be v(6). Let q(k) = k**2 + 8*k - 9. Let s be q(x). Let b = 17 - s. What are the prime factors of b?
2, 3
Let v = 109 - 12. What are the prime factors of v?
97
Suppose i + 5*z - 76 = 0, 4*i + 3*z - 327 = 6*z. Suppose 4*s - 3*j = 71, 4*j - i = -5*s - 0*j. List the prime factors of s.
17
Suppose -z + 861 = 2*z. What are the prime factors of z?
7, 41
Let p = 12 - 5. Suppose -i + 10 = -p. What are the prime factors of i?
17
Let v = -39 + 65. List the prime factors of v.
2, 13
Let d(y) = -y**3 + 6*y**2 + y + 2. List the prime factors of d(3).
2
Let s(l) = 25*l + 9. List the prime factors of s(5).
2, 67
Suppose 0 = 4*l + s - 9, l - 2 = 4*s - 4. Let f = 119 + -82. Suppose -l*d + 22 = -4*g + 2*g, -3*d - g + f = 0. What are the prime factors of d?
2, 3
What are the prime factors of 5*((-2)/6)/(25/(-735))?
7
Let l be 1*5 - (-6)/(-6). Suppose -l*n + 50 - 14 = 0. List the prime factors of n.
3
Suppose 0 = 2*h + 2*y + 76, -7*y = -2*h - 2*y - 62. List the prime factors of (-40)/(-18) + 8/h.
2
What are the prime factors of 51/2*(-4)/(-6)?
17
Suppose -2*f + 8 = -2. Suppose 17 = f*s + z, 0 = s - 6*s + 2*z + 11. Suppose 2*y - s*y = -2. What are the prime factors of y?
2
Let x = 580 - 266. List the prime factors of x.
2, 157
What are the prime factors of (-45)/(-6)*(-2)/12*-32?
2, 5
Suppose -6*o + 11*o = 495. What are the prime factors of o?
3, 11
Let z(q) = q**2 - 6*q - 4. List the prime factors of z(7).
3
Let d be 1/(-1*(-4)/(-52)). Let r = 0 - d. List the prime factors of r.
13
Let l(k) = -k**2 + 5*k - 2. Let z be l(4). Let s be (3/3)/(1/z). Let q = s + 3. List the prime factors of q.
5
Let s be -1 + -1 - -9 - 1. Suppose -5*k - 8 = -2*p - 22, -2*k + 2*p + 2 = 0. Let q = s - k. What are the prime factors of q?
2
Let q(u) = u**3 - 4*u**2 + 17*u - 21. List the prime factors of q(6).
3, 17
Let b = -1 - -3. Let r(s) = 0 + s**3 - b*s**3 - 4*s + 4 + 6*s**2. List the prime factors of r(5).
3
Let g = 7 - 7. Suppose -2*i = -g - 26. What are the prime factors of i?
13
Let o be (-12)/(-42) + 66/14. Suppose 4*l = 3*m - 25, -m + o = m - 5*l. List the prime factors of m.
3, 5
Suppose 0*f - f + 3 = 0. Suppose -6 - 3 = -f*r. Let c = r + 2. List the prime factors of c.
5
Let v = -9 - -9. Let r = -2 - -6. Suppose v*m = -r*m + 28. What are the prime factors of m?
7
Suppose -2*l + 4*l = 6. Let i = -15 - -32. Let d = i + l. List the prime factors of d.
2, 5
Suppose 4*l = -2*k + 10, -5*k + 0*l + 4*l = 3. Let h = 2 + k. Suppose 13 = h*g - z - 13, -2*g = 2*z - 28. What are the prime factors of g?
2, 5
Suppose 4*c = c - 9. Let d = -2 - c. Suppose h = 10 - d. What are the prime factors of h?
3
Let l(s) be the first derivative of -7*s**2 + 3*s - 3. Let o be l(-3). Suppose i = -4*i + o. List the prime factors of i.
3
Suppose 0 = x - 3*x - 14. Let t(i) = -i**2 - 14*i - 9. List the prime factors of t(x).
2, 5
Let i(m) = -3*m - 36. Let d(h) = -5*h - 54. Let u(l) = -5*d(l) + 8*i(l). Let b be u(6). What are the prime factors of b/(-7)*56/8?
2, 3
Suppose 3*w = 6, -4*a + 8*a - 26 = -3*w. Let i(o) = -o**2 + 7*o - 7. What are the prime factors of i(a)?
3
Let n(r) be the second derivative of 4*r**3/3 + 2*r. Suppose 0 = d + d - 2. List the prime factors of n(d).
2
Let r(b) = 5*b + 16 - 6*b + 2 + 14. List the prime factors of r(0).
2
Let a(l) = l**2 + 7*l - 13. Let b be a(-9). Suppose b*t + 4*z = 2*t + 50, -4*t - z = -45. List the prime factors of t.
2, 5
Let r(z) = 15*z - 6. List the prime factors of r(4).
2, 3
Let t(s) = s**3 - 8*s**2 + s - 8. Let y be t(8). Let g be (-2)/2*(-1 + 0). Suppose 4*x = 4*h - 2 - 14, y = -x + g. List the prime factors of h.
5
Suppose 0 = -3*y - 2*y + 275. Suppose 3*c - y = 53. List the prime factors of c.
2, 3
Let l(h) = h**3 + 5*h**2 - 4*h + 8. Let z be l(-6). Let r be ((-6)/z)/(12/40). Suppose a = r*a - 8. What are the prime factors of a?
2
Let v = 